211220111
In base 9, what is -11574770 + 5?
-11574764
In base 5, what is 2 - 34324?
-34322
In base 10, what is -20 + -12517?
-12537
In base 9, what is 13626 - 6?
13620
In base 12, what is -27 + -13963?
-1398a
In base 2, what is 110011110110000000100 + -10?
110011110110000000010
In base 6, what is -12243320 - 0?
-12243320
In base 15, what is -c9313 - 1?
-c9314
In base 13, what is -1274 - -8?
-1269
In base 7, what is 1450 + -516?
631
In base 2, what is -100100010010110 + -10000111?
-100100100011101
In base 7, what is 11 - -5206302?
5206313
In base 2, what is 0 + 10100100011101001?
10100100011101001
In base 7, what is 222 - 561?
-336
In base 14, what is -1837 - 124?
-195b
In base 3, what is 1 + 22221020010?
22221020011
In base 15, what is 39c + 5aa?
957
In base 13, what is 4 + -153527?
-153523
In base 14, what is -1b4 + -256?
-42a
In base 16, what is a06 + -275?
791
In base 16, what is -1 + 2f7da?
2f7d9
In base 15, what is 99bd + 3d?
9a0b
In base 3, what is -122200100220 + 12?
-122200100201
In base 4, what is -11 - -3021321?
3021310
In base 16, what is 68 + -7?
61
In base 10, what is -75875 + -2?
-75877
In base 13, what is -2 - -a2938?
a2936
In base 16, what is -46d49 + -3?
-46d4c
In base 6, what is 12 + 1034542?
1034554
In base 13, what is 7 - -4572?
4579
In base 9, what is -162 - 608?
-771
In base 11, what is 1 - -613601?
613602
In base 13, what is -1 + 24a75?
24a74
In base 5, what is -1104100 + -1?
-1104101
In base 8, what is 42643 - 3?
42640
In base 4, what is -201111 + -11333?
-213110
In base 10, what is 7 + 6643?
6650
In base 13, what is 121c + -6?
1216
In base 3, what is -10212 + -1111101?
-1122020
In base 6, what is 5 - -40342?
40351
In base 9, what is 722 + 3683?
4515
In base 15, what is -483 + 25?
-45d
In base 16, what is 3 + -1d3a6?
-1d3a3
In base 11, what is -7377 - -6?
-7371
In base 9, what is 4 - -14686?
14701
In base 16, what is -239c - -13?
-2389
In base 6, what is -1355 - 415?
-2214
In base 3, what is -102202 + -21201?
-201110
In base 15, what is -1099 - 43?
-10dc
In base 4, what is -232 + 130312?
130020
In base 7, what is -133101 + -310?
-133411
In base 3, what is -201012000 - 12?
-201012012
In base 15, what is 2a64 + -4?
2a60
In base 9, what is -17 + 43644?
43626
In base 13, what is -3 + -1a29c?
-1a2a2
In base 3, what is -12 - 10102111002?
-10102111021
In base 11, what is 30a - 244?
76
In base 6, what is -240434 + 5?
-240425
In base 2, what is 10000101111 - 110?
10000101001
In base 7, what is 15064550 - 5?
15064542
In base 3, what is -2111200211 + -1?
-2111200212
In base 10, what is 33483 + 2?
33485
In base 7, what is -3631 - 254?
-4215
In base 15, what is 25da2 + -11?
25d91
In base 16, what is -159 - 7b?
-1d4
In base 14, what is 1 - 418a?
-4189
In base 12, what is 1 + 89?
8a
In base 3, what is -2120102222200 + -10?
-2120102222210
In base 12, what is -92 + -7062?
-7134
In base 16, what is -21 + -21?
-42
In base 10, what is 50856 - 1?
50855
In base 16, what is 0 + -1625b?
-1625b
In base 8, what is -6510603 - 5?
-6510610
In base 4, what is 12002122123 + 1?
12002122130
In base 16, what is -9eb3 - -4?
-9eaf
In base 8, what is 4023503 - 2?
4023501
In base 12, what is 48 + -355?
-309
In base 15, what is -1 - 5c6d?
-5c6e
In base 6, what is 430033 + 0?
430033
In base 12, what is -1a + 11b72?
11b54
In base 7, what is 500536 + 3?
500542
In base 3, what is 12012010122 + -12?
12012010110
In base 3, what is -21022 - -210020?
111221
In base 6, what is 20 + -12343?
-12323
In base 3, what is -22 + -222010?
-222102
In base 14, what is 5 + 277acb?
277ad2
In base 4, what is -1233211 + -202?
-1300013
In base 8, what is -2 + -44443?
-44445
In base 5, what is -1230212 - 221?
-1230433
In base 2, what is -11111 - -10110011010?
10101111011
In base 16, what is 1e74 + 41?
1eb5
In base 6, what is 23 - 51142?
-51115
In base 4, what is -103 + 23033?
22330
In base 7, what is 10116 + -1?
10115
In base 8, what is -16316167 - 1?
-16316170
In base 14, what is -11a91 - -b?
-11a84
In base 12, what is -13 + 1aa0?
1a89
In base 7, what is -11200204 - 4?
-11200211
In base 8, what is -5 - -35732?
35725
In base 10, what is -216 + -1405?
-1621
In base 12, what is 4 - 579a12?
-579a0a
In base 5, what is 201 - 2340?
-2134
In base 16, what is 52a4 - 3?
52a1
In base 12, what is -290019 + -3?
-290020
In base 11, what is -3 + 289660?
289658
In base 7, what is -155 + -133?
-321
In base 8, what is 33207 + 4?
33213
In base 13, what is 6576 - 7?
656c
In base 6, what is -2212 - 1212?
-3424
In base 13, what is -193 - 93?
-256
In base 14, what is 44 + -128?
-c4
In base 15, what is 4 + 2e71?
2e75
In base 6, what is -405133 + 13?
-405120
In base 16, what is 2f4 - -1e7?
4db
In base 6, what is -4033 + -1135?
-5212
In base 5, what is -4 + 310321022?
310321013
In base 13, what is -21 - -a19?
9c8
In base 9, what is 7 + -8681?
-8673
In base 15, what is 344 - -1a8?
4ec
In base 8, what is -2674 + 43?
-2631
In base 9, what is -3 - 46723?
-46726
In base 9, what is 6372 - 1?
6371
In base 8, what is 171215 + -5?
171210
In base 16, what is 68e - -5?
693
In base 9, what is -60 + -800?
-860
In base 12, what is -8271 - -2a?
-8243
In base 6, what is 5 - 1304?
-1255
In base 2, what is -1111101 - -1000001110111?
111111111010
In base 9, what is 20260 - 2?
20257
In base 11, what is 43 - -10112?
10155
In base 5, what is 42132 - -10202?
102334
In base 10, what is -36 + 8018?
7982
In base 12, what is 113 + -341a?
-3307
In base 5, what is 1 - -1012340?
1012341
In base 15, what is 37 - -2149?
2181
In base 4, what is 0 + -123333?
-123333
In base 15, what is -39 + -4a91?
-4aca
In base 14, what is -775 - -13?
-762
In base 12, what is -191 + 20a9?
1b18
In base 11, what is -15 - -4774?
475a
In base 10, what is -5 - 2027?
-2032
In base 7, what is 11030 + -3?
11024
In base 11, what is -4 - 4069?
-4072
In base 15, what is 313 - 9?
309
In base 10, what is -261676 + 1?
-261675
In base 14, what is 34 - 28b?
-257
In base 9, what is -178126 + -60?
-178186
In base 13, what is -865 + 2?
-863
In base 12, what is 87 + -1a98?
-1a11
In base 5, what is 10213 - -10040?
20303
In base 2, what is 10 + 110011000011110000010?
110011000011110000100
In base 6, what is -5 + -150502?
-150511
In base 8, what is -5 - 2637254?
-2637261
In base 4, what is 10 - -222303?
222313
In base 16, what is b + 1310?
131b
In base 4, what is 20231 + -20322?
-31
In base 2, what is 100001 + -1101000101110101?
-1101000101010100
In base 4, what is -2101 - -10312?
2211
In base 5, what is -24112 + 10143?
-13414
In base 7, what is -13 - 1303302?
-1303315
In base 5, what is -210122 + -3?
-210130
In base 3, what is -11 - -2100121220?
2100121202
In base 9, what is -21206 - -1?
-21205
In base 16, what is -5 + -3f2?
-3f7
In base 8, what is -3760 - 4?
-3764
In base 10, what is -320 - 0?
-320
In base 10, what is 41 + -3848?
-3807
In base 10, what is 0 + -50874?
-50874
In base 3, what is 2102100221 - -110?
2102101101
In base 4, what is -101 + 1321132?
1321031
In base 14, what is -6 - -ad9d3?
ad9cb
In base 3, what is 2002 + 201200101?
201202110
In base 14, what is 2 + -a06c5?
-a06c3
In base 12, what is -3 - 2607?
-260a
In base 2, what is 1111000001010110 - -111100?
1111000010010010
In base 2, what is 10011100111101 - 11110111?
10011001000110
In base 6, what is -22451 + 5?
-22442
In base 8, what is 0 + 1535426?
1535426
In base 12, what is 19a + 8b?
269
In base 14, what is -3c4 + 26?
-39c
In base 6, what is 35234 - 1240?
33554
In base 10, what is 12397 + -1?
12396
In base 9, what is 68 - -4706?
4775
In base 16, what is -3 + 3106?
3103
In base 4, what is 2000023 - -12?
2000101
In base 11, what is -21a36 + -10?
-21a46
In base 4, what is -331320 + 200?
-331120
In base 5, what is -440102222 - -4?
-440102213
In base 16, what is -19 - -3d01?
3ce8
In base 5, what is 1112423331 + 10?
1112423341
In base 6, what is 110024552 - 2?
110024550
In base 12, what is 634 - -4?
638
In base 11, what is 246 + 352?
598
In base 15, what is -c16 + 49?
-bbc
In base 5, what is -203 + -14304?
-20012
In base 4, what is -102213 - -31?
-102122
In base 6, what is -4 + -13414?
-13422
In base 5, what is -1324234 - -13?
-1324221
In base 4, what is 111203332 - -10?
111210002
In base 7, what is 100 - -13544?
13644
In base 16, what is -11 - -29da?
29c9
In base 4, what is 22133003 + -2?
22133001
In base 5, w